0431
What are the prime factors of 16794828?
2, 3, 29, 16087
List the prime factors of 793092757.
793092757
What are the prime factors of 434585823?
3, 7, 307, 67409
List the prime factors of 148807164.
2, 3, 11, 19, 59333
List the prime factors of 1591308844.
2, 239, 1664549
List the prime factors of 52558880.
2, 5, 11, 29863
List the prime factors of 9106528.
2, 23, 12373
List the prime factors of 837060465.
3, 5, 107, 521533
What are the prime factors of 5518274494?
2, 17, 23, 7056617
What are the prime factors of 2187423261?
3, 53, 4585793
List the prime factors of 207023696.
2, 11, 19, 61909
What are the prime factors of 393745449?
3, 17, 113, 4019
What are the prime factors of 78207417?
3, 2896571
What are the prime factors of 228821159?
7, 823, 39719
List the prime factors of 200125960.
2, 5, 79, 63331
List the prime factors of 1049427733.
1049427733
List the prime factors of 98387309.
47, 2093347
What are the prime factors of 1399882082?
2, 699941041
List the prime factors of 5217828165.
3, 5, 11, 19, 101, 1831
What are the prime factors of 82595962?
2, 17, 2429293
What are the prime factors of 400080281?
271, 1476311
What are the prime factors of 367173163?
7, 37, 41, 71, 487
List the prime factors of 4253688253.
29723, 143111
What are the prime factors of 636033920?
2, 5, 17, 53, 1103
List the prime factors of 395480729.
7, 56497247
List the prime factors of 591741832.
2, 11, 71, 94709
What are the prime factors of 127937810?
2, 5, 7, 11, 13, 12781
What are the prime factors of 828922212?
2, 3, 23025617
List the prime factors of 2270930305.
5, 7, 197, 373, 883
What are the prime factors of 808527176?
2, 4231, 23887
List the prime factors of 503598162.
2, 3, 31, 41, 66037
List the prime factors of 63846713.
7, 17, 103, 5209
List the prime factors of 1084322952.
2, 3, 127, 118583
What are the prime factors of 2552405054?
2, 1276202527
List the prime factors of 181072860.
2, 3, 5, 31, 67, 1453
List the prime factors of 5589190.
2, 5, 139, 4021
List the prime factors of 755694311.
97, 1171, 6653
List the prime factors of 1482056594.
2, 2053, 360949
What are the prime factors of 3453963682?
2, 13, 23, 797, 7247
List the prime factors of 313439936.
2, 67, 1091
List the prime factors of 1318037226.
2, 3, 11, 59, 271, 1249
List the prime factors of 37413587.
37413587
What are the prime factors of 17209491?
3, 13, 17, 101, 257
What are the prime factors of 87512580?
2, 3, 5, 486181
List the prime factors of 569938550.
2, 5, 11398771
List the prime factors of 265382248.
2, 29, 127, 9007
List the prime factors of 92084613.
3, 173, 177427
What are the prime factors of 46703629?
7, 6671947
List the prime factors of 118559632.
2, 17, 435881
List the prime factors of 1827856720.
2, 5, 31, 737039
What are the prime factors of 1745389103?
1745389103
What are the prime factors of 160561115?
5, 11, 13, 19, 53, 223
What are the prime factors of 189210801?
3, 13, 4851559
What are the prime factors of 12838190?
2, 5, 53, 24223
What are the prime factors of 715746878?
2, 7, 11, 4647707
What are the prime factors of 42110353?
1487, 28319
What are the prime factors of 185298353?
8779, 21107
What are the prime factors of 42524193?
3, 1907, 7433
List the prime factors of 135486204.
2, 3, 7, 1612931
What are the prime factors of 2803725559?
101, 27759659
List the prime factors of 263989455.
3, 5, 17599297
List the prime factors of 4319619.
3, 197, 7309
What are the prime factors of 1399561718?
2, 13729, 50971
List the prime factors of 353278474.
2, 3121, 56597
What are the prime factors of 1188582182?
2, 1429, 415879
List the prime factors of 651553391.
739, 881669
What are the prime factors of 97253635?
5, 19450727
List the prime factors of 3079535089.
3079535089
List the prime factors of 404985896.
2, 7, 73, 157, 631
List the prime factors of 1174342501.
29, 4337, 9337
List the prime factors of 163927069.
61, 2687329
What are the prime factors of 438542129?
438542129
What are the prime factors of 2379153542?
2, 163, 7298017
List the prime factors of 1774296243.
3, 197144027
What are the prime factors of 945402649?
23, 389, 105667
List the prime factors of 49709288.
2, 1543, 4027
List the prime factors of 32032104.
2, 3, 13, 102667
List the prime factors of 982810225.
5, 2917, 13477
List the prime factors of 481339264.
2, 7, 389, 1381
List the prime factors of 78860089.
7, 11, 19, 2837
What are the prime factors of 116964598?
2, 29, 69539
List the prime factors of 1055387929.
41, 59, 436291
List the prime factors of 3340238075.
5, 263, 508021
What are the prime factors of 103526818?
2, 23, 101, 22283
List the prime factors of 1172722973.
727, 1613099
List the prime factors of 41752918.
2, 17, 19, 64633
What are the prime factors of 233157589?
7, 1663, 20029
What are the prime factors of 1931391177?
3, 643797059
List the prime factors of 10166997.
3, 3388999
List the prime factors of 48533602.
2, 13, 1866677
List the prime factors of 26978932.
2, 17, 29, 13681
List the prime factors of 223331935.
5, 557, 80191
List the prime factors of 154724103.
3, 17191567
List the prime factors of 42564200.
2, 5, 7, 30403
What are the prime factors of 2456736859?
47, 52270997
List the prime factors of 56485246.
2, 2927, 9649
What are the prime factors of 1693096996?
2, 423274249
What are the prime factors of 99544791?
3, 29, 1144193
List the prime factors of 104618850.
2, 3, 5, 7, 17, 5861
List the prime factors of 5095173.
3, 19, 71, 1259
List the prime factors of 267015561.
3, 89005187
List the prime factors of 42277134.
2, 3, 67, 105167
List the prime factors of 2334557412.
2, 3, 11, 5895347
List the prime factors of 1078730467.
31, 631, 55147
What are the prime factors of 2045312669?
2045312669
List the prime factors of 1173956551.
1173956551
List the prime factors of 30229511.
13, 311, 7477
List the prime factors of 184750504.
2, 4373, 5281
What are the prime factors of 45440095?
5, 41, 221659
What are the prime factors of 3937541987?
151, 26076437
What are the prime factors of 825686065?
5, 165137213
What are the prime factors of 41044768?
2, 1282649
List the prime factors of 77532354.
2, 3, 43, 109, 919
List the prime factors of 90880886.
2, 59, 770177
What are the prime factors of 4345099412?
2, 139, 7814927
List the prime factors of 44575051.
181, 246271
What are the prime factors of 41726161?
1621, 25741
What are the prime factors of 265741804?
2, 66435451
What are the prime factors of 166796751?
3, 11, 73, 69239
What are the prime factors of 14876950?
2, 5, 11, 2459
List the prime factors of 2663656108.
2, 109, 6109303
What are the prime factors of 503843578?
2, 7, 37, 283, 491
List the prime factors of 717519819.
3, 19, 3347, 3761
List the prime factors of 77138464.
2, 13, 185429
What are the prime factors of 619024742?
2, 7, 6316579
What are the prime factors of 74965703?
2683, 27941
What are the prime factors of 1510863?
3, 503621
What are the prime factors of 81004061?
1327, 61043
List the prime factors of 43561661.
11, 13, 19, 16033
What are the prime factors of 93757121?
79, 421, 2819
What are the prime factors of 51676790?
2, 5, 11, 37, 12697
List the prime factors of 769345241.
7, 109906463
What are the prime factors of 44785375?
5, 19, 109, 173
What are the prime factors of 326950249?
326950249
What are the prime factors of 28114528?
2, 13, 19, 3557
List the prime factors of 1997060653.
7, 43, 1621, 4093
List the prime factors of 111739193.
111739193
List the prime factors of 2293190959.
19, 47, 2567963
What are the prime factors of 4216730828?
2, 73, 14440859
List the prime factors of 2368373908.
2, 592093477
What are the prime factors of 2671091234?
2, 7, 3893719
List the prime factors of 1837326467.
19, 5089547
What are the prime factors of 855138790?
2, 5, 11, 73, 109, 977
List the prime factors of 167388966.
2, 3, 9299387
List the prime factors of 5655202.
2, 7, 67, 6029
What are the prime factors of 85639511?
23, 1663, 2239
List the prime factors of 15150573.
3, 1683397
What are the prime factors of 2021038183?
17, 67, 313, 5669
List the prime factors of 36028818.
2, 3, 7, 40849
What are the prime factors of 168543054?
2, 3, 9363503
What are the prime factors of 216340229?
7, 3203, 9649
List the prime factors of 694902492.
2, 3, 19302847
List t